{"id":15697,"date":"2024-10-17T17:10:59","date_gmt":"2024-10-17T22:10:59","guid":{"rendered":"https:\/\/www.fundacionkantutani.com\/?page_id=15697"},"modified":"2024-10-17T17:14:20","modified_gmt":"2024-10-17T22:14:20","slug":"pro-vista-infantil","status":"publish","type":"page","link":"https:\/\/www.fundacionkantutani.com\/en\/home-pages\/proyectos\/pro-vista-infantil\/","title":{"rendered":"For children's view"},"content":{"rendered":"<div data-elementor-type=\"wp-page\" data-elementor-id=\"15697\" class=\"elementor elementor-15697\">\n\t\t\t\t\t\t<section class=\"elementor-section elementor-top-section elementor-element elementor-element-2d7e43a elementor-section-stretched elementor-section-content-middle elementor-section-boxed elementor-section-height-default elementor-section-height-default\" data-id=\"2d7e43a\" data-element_type=\"section\" data-settings=\"{&quot;stretch_section&quot;:&quot;section-stretched&quot;,&quot;background_background&quot;:&quot;classic&quot;}\">\n\t\t\t\t\t\t\t<div class=\"elementor-background-overlay\"><\/div>\n\t\t\t\t\t\t\t<div class=\"elementor-container elementor-column-gap-default\">\n\t\t\t\t\t<div class=\"elementor-column elementor-col-100 elementor-top-column elementor-element elementor-element-76e3fbc\" data-id=\"76e3fbc\" data-element_type=\"column\">\n\t\t\t<div class=\"elementor-widget-wrap elementor-element-populated\">\n\t\t\t\t\t\t<div class=\"elementor-element elementor-element-64d0efb elementor-widget elementor-widget-heading\" data-id=\"64d0efb\" data-element_type=\"widget\" data-widget_type=\"heading.default\">\n\t\t\t\t<div class=\"elementor-widget-container\">\n\t\t\t\t\t<h1 class=\"elementor-heading-title elementor-size-default\">FOR CHILD VIEW<\/h1>\t\t\t\t<\/div>\n\t\t\t\t<\/div>\n\t\t\t\t\t<\/div>\n\t\t<\/div>\n\t\t\t\t\t<\/div>\n\t\t<\/section>\n\t\t\t\t<section class=\"elementor-section elementor-top-section elementor-element elementor-element-819802e elementor-section-stretched elementor-section-boxed elementor-section-height-default elementor-section-height-default\" data-id=\"819802e\" data-element_type=\"section\" data-settings=\"{&quot;stretch_section&quot;:&quot;section-stretched&quot;,&quot;background_background&quot;:&quot;classic&quot;}\">\n\t\t\t\t\t\t\t<div class=\"elementor-background-overlay\"><\/div>\n\t\t\t\t\t\t\t<div class=\"elementor-container elementor-column-gap-default\">\n\t\t\t\t\t<div class=\"elementor-column elementor-col-100 elementor-top-column elementor-element elementor-element-06967e3\" data-id=\"06967e3\" data-element_type=\"column\">\n\t\t\t<div class=\"elementor-widget-wrap elementor-element-populated\">\n\t\t\t\t\t\t<div class=\"elementor-element elementor-element-f24ac08 elementor-widget elementor-widget-heading\" data-id=\"f24ac08\" data-element_type=\"widget\" data-widget_type=\"heading.default\">\n\t\t\t\t<div class=\"elementor-widget-container\">\n\t\t\t\t\t<h2 class=\"elementor-heading-title elementor-size-default\">From 6 to 12 years old<\/h2>\t\t\t\t<\/div>\n\t\t\t\t<\/div>\n\t\t\t\t\t<\/div>\n\t\t<\/div>\n\t\t\t\t\t<\/div>\n\t\t<\/section>\n\t\t<div class=\"elementor-element elementor-element-8ed097c e-flex e-con-boxed e-con e-parent\" data-id=\"8ed097c\" data-element_type=\"container\">\n\t\t\t\t\t<div class=\"e-con-inner\">\n\t\t<div class=\"elementor-element elementor-element-1c1084b e-con-full e-flex e-con e-child\" data-id=\"1c1084b\" data-element_type=\"container\">\n\t\t\t\t<div class=\"elementor-element elementor-element-6bedfc5 elementor-widget elementor-widget-text-editor\" data-id=\"6bedfc5\" data-element_type=\"widget\" data-widget_type=\"text-editor.default\">\n\t\t\t\t<div class=\"elementor-widget-container\">\n\t\t\t\t\t\t\t\t\t<p>We believe that early visual assessment is the best way to detect vision problems in children so that they can receive the necessary medical attention before irreversible damage occurs to their visual health. That is why we have emphasized our work in caring for children's visual health, with the donation of customized lenses.<\/p><p><strong>\u00a0<\/strong><\/p><p>In order to carry out this visual health program and prior to the measurement, we trained teachers and parents in measuring visual acuity to conduct an initial survey and screening of children with any visual impairment through the visual acuity carding process. In this way, we identify children to donate customized glasses for free. This practice of measuring lenses makes both parents and teachers aware of the importance of attending to children's vision from an early age.<\/p>\t\t\t\t\t\t\t\t<\/div>\n\t\t\t\t<\/div>\n\t\t\t\t<\/div>\n\t\t<div class=\"elementor-element elementor-element-b748407 e-con-full e-flex e-con e-child\" data-id=\"b748407\" data-element_type=\"container\" data-settings=\"{&quot;background_background&quot;:&quot;classic&quot;}\">\n\t\t\t\t<div class=\"elementor-element elementor-element-7a57726 elementor-widget elementor-widget-image\" data-id=\"7a57726\" data-element_type=\"widget\" data-widget_type=\"image.default\">\n\t\t\t\t<div class=\"elementor-widget-container\">\n\t\t\t\t\t\t\t\t\t\t\t\t\t\t\t<img fetchpriority=\"high\" decoding=\"async\" width=\"740\" height=\"500\" src=\"https:\/\/www.fundacionkantutani.com\/wp-content\/uploads\/2024\/10\/3b-740x500.jpg\" class=\"attachment-nd_donations_img_740_501 size-nd_donations_img_740_501 wp-image-15287\" alt=\"\" \/>\t\t\t\t\t\t\t\t\t\t\t\t\t\t\t<\/div>\n\t\t\t\t<\/div>\n\t\t\t\t<\/div>\n\t\t\t\t\t<\/div>\n\t\t\t\t<\/div>\n\t\t\t\t<\/div>","protected":false},"excerpt":{"rendered":"<p>PRO VISTA INFANTIL De 6 a 12 a\u00f1os Creemos que la evaluaci\u00f3n visual temprana es la mejor forma de detectar problemas de la visi\u00f3n en los ni\u00f1os y ni\u00f1as, para [&hellip;]<\/p>","protected":false},"author":5,"featured_media":0,"parent":14742,"menu_order":0,"comment_status":"closed","ping_status":"closed","template":"","meta":{"give_campaign_id":0,"footnotes":""},"class_list":["post-15697","page","type-page","status-publish","hentry"],"campaignId":"","_links":{"self":[{"href":"https:\/\/www.fundacionkantutani.com\/en\/wp-json\/wp\/v2\/pages\/15697","targetHints":{"allow":["GET"]}}],"collection":[{"href":"https:\/\/www.fundacionkantutani.com\/en\/wp-json\/wp\/v2\/pages"}],"about":[{"href":"https:\/\/www.fundacionkantutani.com\/en\/wp-json\/wp\/v2\/types\/page"}],"author":[{"embeddable":true,"href":"https:\/\/www.fundacionkantutani.com\/en\/wp-json\/wp\/v2\/users\/5"}],"replies":[{"embeddable":true,"href":"https:\/\/www.fundacionkantutani.com\/en\/wp-json\/wp\/v2\/comments?post=15697"}],"version-history":[{"count":4,"href":"https:\/\/www.fundacionkantutani.com\/en\/wp-json\/wp\/v2\/pages\/15697\/revisions"}],"predecessor-version":[{"id":15702,"href":"https:\/\/www.fundacionkantutani.com\/en\/wp-json\/wp\/v2\/pages\/15697\/revisions\/15702"}],"up":[{"embeddable":true,"href":"https:\/\/www.fundacionkantutani.com\/en\/wp-json\/wp\/v2\/pages\/14742"}],"wp:attachment":[{"href":"https:\/\/www.fundacionkantutani.com\/en\/wp-json\/wp\/v2\/media?parent=15697"}],"curies":[{"name":"wp","href":"https:\/\/api.w.org\/{rel}","templated":true}]}}

<p>PRO VISTA INFANTIL De 6 a 12 años Creemos que la evaluación visual temprana es la mejor forma de detectar problemas de la visión en los niños y niñas, para [&hellip;]</p>
